{"id":927,"date":"2020-05-14T16:04:46","date_gmt":"2020-05-14T16:04:46","guid":{"rendered":"https:\/\/fostwom.eu\/terms-and-conditions\/"},"modified":"2020-06-08T15:27:28","modified_gmt":"2020-06-08T15:27:28","slug":"terms-and-conditions","status":"publish","type":"page","link":"https:\/\/fostwom.eu\/?page_id=927&lang=fr","title":{"rendered":"Conditions g\u00e9n\u00e9rales"},"content":{"rendered":"\n<h2 class=\"wp-block-heading\">Clause de non-responsabilit\u00e9<\/h2>\n\n\n\n<p><\/p>\n\n\n\n<p>FOSTWOM ne peut \u00eatre tenu responsable du manque de v\u00e9rit\u00e9, des informations incorrectes, de l&#8217;inexactitude, des erreurs et des incoh\u00e9rences qui pourraient se trouver dans les contenus de ce portail, m\u00eame s&#8217;il s&#8217;efforce de les corriger, lorsqu&#8217;il les d\u00e9tecte.<\/p>\n\n\n\n<p>De m\u00eame, FOSTWOM ne peut \u00eatre tenu pour responsable du manque de v\u00e9rit\u00e9, des informations incorrectes, de l&#8217;inexactitude, des erreurs et des incoh\u00e9rences qui peuvent se trouver dans les contenus d&#8217;autres portails ou sites web, et sur lesquels il n&#8217;a aucun contr\u00f4le, lorsque les liens hypertextes renvoient, \u00e9galement appel\u00e9s hyperliens ou liens dans ce Portail.<\/p>\n\n\n\n<h2 class=\"wp-block-heading\">Donn\u00e9es des utilisateurs<\/h2>\n\n\n\n<p>Les services comp\u00e9tents de FOSTWOM sont autoris\u00e9s \u00e0 effectuer le traitement automatique des donn\u00e9es des utilisateurs dans le cadre des dispositions de la loi portugaise qui s&#8217;appliquent aux bases de donn\u00e9es personnelles. FOSTWOM s&#8217;engage \u00e0 adopter des mesures techniques et administratives appropri\u00e9es \u00e0 la protection des donn\u00e9es personnelles et \u00e0 ne pas divulguer \u00e0 des tiers des informations sur les donn\u00e9es personnelles de ses utilisateurs, ni des informations sur ses acc\u00e8s, sauf si la loi l&#8217;exige.<\/p>\n\n\n\n<p>Les utilisateurs autorisent la cr\u00e9ation de statistiques d&#8217;utilisation et d&#8217;enregistrements de connexion. Ces donn\u00e9es peuvent \u00eatre utilis\u00e9es dans des processus administratifs et statistiques, ainsi que mises \u00e0 la disposition de tiers, \u00e0 condition qu&#8217;elles ne soient pas personnelles. Les donn\u00e9es personnelles des utilisateurs ne peuvent \u00eatre divulgu\u00e9es en dehors de FOSTWOM.<\/p>\n\n\n\n<h2 class=\"wp-block-heading\">Acceptation et caract\u00e8re contraignant<\/h2>\n\n\n\n<p>En acc\u00e9dant et en utilisant ce Portail de FOSTWOM, l&#8217;utilisateur d\u00e9clare conna\u00eetre et accepter les conditions d&#8217;utilisation de ce Portail mentionn\u00e9es ci-dessus, et accepte de porter tous les \u00e9ventuels litiges pouvant r\u00e9sulter de son utilisation de ce Portail devant le Tribunal civil du district de Lisbonne, qui jugera selon la loi portugaise.<\/p>\n","protected":false},"excerpt":{"rendered":"Clause de non-responsabilit\u00e9 FOSTWOM ne peut \u00eatre tenu responsable du manque de v\u00e9rit\u00e9, des informations incorrectes, de l&#8217;inexactitude, des erreurs&hellip;","protected":false},"author":7,"featured_media":0,"parent":0,"menu_order":0,"comment_status":"closed","ping_status":"closed","template":"","meta":{"footnotes":""},"class_list":["post-927","page","type-page","status-publish","hentry"],"_links":{"self":[{"href":"https:\/\/fostwom.eu\/index.php?rest_route=\/wp\/v2\/pages\/927","targetHints":{"allow":["GET"]}}],"collection":[{"href":"https:\/\/fostwom.eu\/index.php?rest_route=\/wp\/v2\/pages"}],"about":[{"href":"https:\/\/fostwom.eu\/index.php?rest_route=\/wp\/v2\/types\/page"}],"author":[{"embeddable":true,"href":"https:\/\/fostwom.eu\/index.php?rest_route=\/wp\/v2\/users\/7"}],"replies":[{"embeddable":true,"href":"https:\/\/fostwom.eu\/index.php?rest_route=%2Fwp%2Fv2%2Fcomments&post=927"}],"version-history":[{"count":2,"href":"https:\/\/fostwom.eu\/index.php?rest_route=\/wp\/v2\/pages\/927\/revisions"}],"predecessor-version":[{"id":1828,"href":"https:\/\/fostwom.eu\/index.php?rest_route=\/wp\/v2\/pages\/927\/revisions\/1828"}],"wp:attachment":[{"href":"https:\/\/fostwom.eu\/index.php?rest_route=%2Fwp%2Fv2%2Fmedia&parent=927"}],"curies":[{"name":"wp","href":"https:\/\/api.w.org\/{rel}","templated":true}]}}